{"id":128655,"date":"2026-04-03T09:07:56","date_gmt":"2026-04-03T07:07:56","guid":{"rendered":"https:\/\/dedienne-aero.com\/?post_type=job-offers&#038;p=128655"},"modified":"2026-04-03T09:07:58","modified_gmt":"2026-04-03T07:07:58","slug":"technicien-charge-daffaires-sav-experimente-h-f","status":"publish","type":"job-offers","link":"https:\/\/dedienne-aero.com\/es\/job-offers\/technicien-charge-daffaires-sav-experimente-h-f\/","title":{"rendered":"Technicien Charg\u00e9 d&#8217;affaires SAV exp\u00e9riment\u00e9 (H\/F)"},"content":{"rendered":"<p><em><strong>Rejoignez une entreprise familiale implant\u00e9e mondialement dans l\u2019a\u00e9ronautique !<\/strong><\/em><\/p>\n\n\n\n<p><em>Chez Dedienne Aerospace, leader mondial dans la conception et la maintenance d\u2019outillages a\u00e9ronautiques, nous accompagnons depuis plus de 50 ans les plus grands noms de l\u2019aviation civile et d\u00e9fense.<\/em><\/p>\n\n\n\n<p><em>Notre site de Villaroche est en forte croissance et bient\u00f4t dot\u00e9 d\u2019un nouveau b\u00e2timent moderne. Pour continuer \u00e0 soutenir nos clients, nous recrutons 2 Technicien(ne) Charg\u00e9(e) d\u2019Affaires SAV.<\/em><\/p>\n\n\n\n<p><\/p>\n\n\n\n<p><strong>Qui sommes-nous ?<\/strong><\/p>\n\n\n\n<p>Dedienne Aerospace, c\u2019est plus de 50 ans d\u2019expertise dans la fabrication et la maintenance d\u2019outillages a\u00e9ronautiques. Entreprise familiale implant\u00e9e mondialement, nous collaborons avec les plus grands noms de l\u2019aviation civile et de la d\u00e9fense.<\/p>\n\n\n\n<p>Pr\u00e9sents sur tous les continents Croissance continue avec un nouveau b\u00e2timent en construction \u00e0 Villaroche Clients prestigieux du secteur a\u00e9ronautique Environnement de travail dynamique et humain.<\/p>\n\n\n\n<p><\/p>\n\n\n\n<p><strong>Vos missions (missions pleines de d\u00e9fis) :<\/strong><\/p>\n\n\n\n<p>\u2022 Piloter la relation commerciale et technique avec nos clients, de l\u2019\u00e9laboration du devis \u00e0 la facturation et livraison<\/p>\n\n\n\n<p>\u2022 R\u00e9aliser des diagnostics techniques et proposer des solutions adapt\u00e9es<\/p>\n\n\n\n<p>\u2022 Recherche de pannes complexes et changement d&#8217;organes m\u00e9caniques et hydraulique<\/p>\n\n\n\n<p>\u2022 Coordonner les interventions SAV en atelier et sur site (principalement en \u00cele-de-France)<\/p>\n\n\n\n<p>\u2022 Participer \u00e0 la r\u00e9daction des offres commerciales et appels d\u2019offres<\/p>\n\n\n\n<p>\u2022 D\u00e9velopper l\u2019activit\u00e9 SAV en prospectant et fid\u00e9lisant les clients<\/p>\n\n\n\n<p>\u2022 Organiser et accompagner les \u00e9quipes techniques terrain<\/p>\n\n\n\n<p>\u2022 Former et int\u00e9grer les nouveaux techniciens<\/p>\n\n\n\n<p><\/p>\n\n\n\n<p><strong>Votre profil :<\/strong><\/p>\n\n\n\n<p>\u2022 Formation technique (Bac Pro, BTS, DUT ou \u00e9quivalent)<\/p>\n\n\n\n<p>\u2022 Minimum 5 ans d\u2019exp\u00e9rience en m\u00e9canique industrielle, automobile, poids lourd, TP ou agricole<\/p>\n\n\n\n<p>\u2022 Ma\u00eetrise de la lecture de plans<\/p>\n\n\n\n<p>\u2022 Anglais technique interm\u00e9diaire appr\u00e9ci\u00e9<\/p>\n\n\n\n<p>\u2022 Autonome, rigoureux(se), avec un bon sens du service client et un go\u00fbt pour le terrain<\/p>\n\n\n\n<p><\/p>\n\n\n\n<p><strong>Ce que nous offrons<\/strong><\/p>\n\n\n\n<p>Lieu : Villaroche (77)<\/p>\n\n\n\n<p>Contrat : CDI \u2013 Temps plein<\/p>\n\n\n\n<p>Prise de poste : D\u00e8s que possible<\/p>\n\n\n\n<p>D\u00e9placements : R\u00e9guliers, majoritairement en Ile-de-France<\/p>\n\n\n\n<p>Statut : Non-cadre<\/p>\n\n\n\n<p><\/p>\n\n\n\n<p><strong>R\u00e9mun\u00e9ration &amp; Avantages<\/strong><\/p>\n\n\n\n<p>\u2022 Salaire fixe + prime sur objectifs + prime de participation + int\u00e9ressement + autres primes<\/p>\n\n\n\n<p>\u2022 6 semaines de cong\u00e9s pay\u00e9s<\/p>\n\n\n\n<p>\u2022 Mutuelle prise en charge \u00e0 50 % + pr\u00e9voyance<\/p>\n\n\n\n<p>\u2022 Travail en journ\u00e9e, du lundi au vendredi<\/p>\n\n\n\n<p>\u2022 \u00c9quilibre vie pro \/ vie perso respect\u00e9<\/p>\n\n\n\n<p><\/p>\n\n\n\n<p>Pourquoi nous rejoindre ?<\/p>\n\n\n\n<p>\u2022 Entreprise familiale \u00e0 taille humaine, implant\u00e9e mondialement<\/p>\n\n\n\n<p>\u2022 \u00c9quipe bienveillante, projets motivants avec des clients a\u00e9ronautiques de renom<\/p>\n\n\n\n<p>\u2022 Poste plein de d\u00e9fis avec possibilit\u00e9s r\u00e9elles d\u2019\u00e9volution, en France ou \u00e0 l\u2019international<\/p>\n\n\n\n<p>\u2022 Nouveau b\u00e2timent moderne en cours de construction pour accompagner la croissance du site<\/p>\n\n\n\n<p><\/p>\n\n\n\n<p><em><strong>Envoyez-nous votre candidature et embarquez dans une aventure passionnante au c\u0153ur de l\u2019a\u00e9ronautique mondiale !<\/strong><\/em><\/p>","protected":false},"featured_media":0,"template":"","locations":[704],"class_list":["post-128655","job-offers","type-job-offers","status-publish","hentry","locations-europe"],"acf":[],"yoast_head":"<!-- This site is optimized with the Yoast SEO plugin v24.2 - https:\/\/yoast.com\/wordpress\/plugins\/seo\/ -->\n<title>Technicien Charg\u00e9 d&#039;affaires SAV exp\u00e9riment\u00e9 (H\/F) | Dedienne Aerospace<\/title>\n<meta name=\"robots\" content=\"index, follow, max-snippet:-1, max-image-preview:large, max-video-preview:-1\" \/>\n<link rel=\"canonical\" href=\"https:\/\/dedienne-aero.com\/es\/job-offers\/technicien-charge-daffaires-sav-experimente-h-f\/\" \/>\n<meta property=\"og:locale\" content=\"es_ES\" \/>\n<meta property=\"og:type\" content=\"article\" \/>\n<meta property=\"og:title\" content=\"Technicien Charg\u00e9 d&#039;affaires SAV exp\u00e9riment\u00e9 (H\/F) | Dedienne Aerospace\" \/>\n<meta property=\"og:description\" content=\"Rejoignez une entreprise familiale implant\u00e9e mondialement dans l\u2019a\u00e9ronautique ! Chez Dedienne Aerospace, leader mondial dans la conception et la maintenance d\u2019outillages a\u00e9ronautiques, nous accompagnons depuis plus de 50 ans les plus grands noms de l\u2019aviation civile et d\u00e9fense. Notre site de Villaroche est en forte croissance et bient\u00f4t dot\u00e9 d\u2019un nouveau b\u00e2timent moderne. Pour continuer [&hellip;]\" \/>\n<meta property=\"og:url\" content=\"https:\/\/dedienne-aero.com\/es\/job-offers\/technicien-charge-daffaires-sav-experimente-h-f\/\" \/>\n<meta property=\"og:site_name\" content=\"Dedienne Aerospace\" \/>\n<meta property=\"article:publisher\" content=\"https:\/\/www.facebook.com\/Dedienne-Aerospace-1686513681365758\/\" \/>\n<meta property=\"article:modified_time\" content=\"2026-04-03T07:07:58+00:00\" \/>\n<meta property=\"og:image\" content=\"https:\/\/dedienne-aero.com\/wp-content\/uploads\/2021\/07\/logo-Dedienne-aerospace.png\" \/>\n\t<meta property=\"og:image:width\" content=\"283\" \/>\n\t<meta property=\"og:image:height\" content=\"83\" \/>\n\t<meta property=\"og:image:type\" content=\"image\/png\" \/>\n<meta name=\"twitter:card\" content=\"summary_large_image\" \/>\n<meta name=\"twitter:label1\" content=\"Tiempo de lectura\" \/>\n\t<meta name=\"twitter:data1\" content=\"2 minutos\" \/>\n<!-- \/ Yoast SEO plugin. -->","yoast_head_json":{"title":"Technicien Charg\u00e9 d'affaires SAV exp\u00e9riment\u00e9 (H\/F) | Dedienne Aerospace","robots":{"index":"index","follow":"follow","max-snippet":"max-snippet:-1","max-image-preview":"max-image-preview:large","max-video-preview":"max-video-preview:-1"},"canonical":"https:\/\/dedienne-aero.com\/es\/job-offers\/technicien-charge-daffaires-sav-experimente-h-f\/","og_locale":"es_ES","og_type":"article","og_title":"Technicien Charg\u00e9 d'affaires SAV exp\u00e9riment\u00e9 (H\/F) | Dedienne Aerospace","og_description":"Rejoignez une entreprise familiale implant\u00e9e mondialement dans l\u2019a\u00e9ronautique ! Chez Dedienne Aerospace, leader mondial dans la conception et la maintenance d\u2019outillages a\u00e9ronautiques, nous accompagnons depuis plus de 50 ans les plus grands noms de l\u2019aviation civile et d\u00e9fense. Notre site de Villaroche est en forte croissance et bient\u00f4t dot\u00e9 d\u2019un nouveau b\u00e2timent moderne. Pour continuer [&hellip;]","og_url":"https:\/\/dedienne-aero.com\/es\/job-offers\/technicien-charge-daffaires-sav-experimente-h-f\/","og_site_name":"Dedienne Aerospace","article_publisher":"https:\/\/www.facebook.com\/Dedienne-Aerospace-1686513681365758\/","article_modified_time":"2026-04-03T07:07:58+00:00","og_image":[{"width":283,"height":83,"url":"https:\/\/dedienne-aero.com\/wp-content\/uploads\/2021\/07\/logo-Dedienne-aerospace.png","type":"image\/png"}],"twitter_card":"summary_large_image","twitter_misc":{"Tiempo de lectura":"2 minutos"},"schema":{"@context":"https:\/\/schema.org","@graph":[{"@type":"WebPage","@id":"https:\/\/dedienne-aero.com\/job-offers\/technicien-charge-daffaires-sav-experimente-h-f\/","url":"https:\/\/dedienne-aero.com\/job-offers\/technicien-charge-daffaires-sav-experimente-h-f\/","name":"Technicien Charg\u00e9 d'affaires SAV exp\u00e9riment\u00e9 (H\/F) | Dedienne Aerospace","isPartOf":{"@id":"https:\/\/dedienne-aero.com\/#website"},"datePublished":"2026-04-03T07:07:56+00:00","dateModified":"2026-04-03T07:07:58+00:00","breadcrumb":{"@id":"https:\/\/dedienne-aero.com\/job-offers\/technicien-charge-daffaires-sav-experimente-h-f\/#breadcrumb"},"inLanguage":"es","potentialAction":[{"@type":"ReadAction","target":["https:\/\/dedienne-aero.com\/job-offers\/technicien-charge-daffaires-sav-experimente-h-f\/"]}]},{"@type":"BreadcrumbList","@id":"https:\/\/dedienne-aero.com\/job-offers\/technicien-charge-daffaires-sav-experimente-h-f\/#breadcrumb","itemListElement":[{"@type":"ListItem","position":1,"name":"Home","item":"https:\/\/dedienne-aero.com\/"},{"@type":"ListItem","position":2,"name":"Technicien Charg\u00e9 d&#8217;affaires SAV exp\u00e9riment\u00e9 (H\/F)"}]},{"@type":"WebSite","@id":"https:\/\/dedienne-aero.com\/#website","url":"https:\/\/dedienne-aero.com\/","name":"dedienne-aero.com","description":"Aircraft tooling, Engine Stands, engine tooling, GSE and tooling services by Dedienne Aerospace","publisher":{"@id":"https:\/\/dedienne-aero.com\/#organization"},"alternateName":"Dedienne-aero","potentialAction":[{"@type":"SearchAction","target":{"@type":"EntryPoint","urlTemplate":"https:\/\/dedienne-aero.com\/?s={search_term_string}"},"query-input":{"@type":"PropertyValueSpecification","valueRequired":true,"valueName":"search_term_string"}}],"inLanguage":"es"},{"@type":"Organization","@id":"https:\/\/dedienne-aero.com\/#organization","name":"Dedienne Aerospace","alternateName":"Dedienne-aero","url":"https:\/\/dedienne-aero.com\/","logo":{"@type":"ImageObject","inLanguage":"es","@id":"https:\/\/dedienne-aero.com\/#\/schema\/logo\/image\/","url":"https:\/\/dedienne-aero.com\/wp-content\/uploads\/2021\/11\/logo-Dedienne-aerospace.png","contentUrl":"https:\/\/dedienne-aero.com\/wp-content\/uploads\/2021\/11\/logo-Dedienne-aerospace.png","width":283,"height":83,"caption":"Dedienne Aerospace"},"image":{"@id":"https:\/\/dedienne-aero.com\/#\/schema\/logo\/image\/"},"sameAs":["https:\/\/www.facebook.com\/Dedienne-Aerospace-1686513681365758\/","https:\/\/www.instagram.com\/dedienneaerospace\/","https:\/\/www.linkedin.com\/company\/dedienne-aerospace\/?originalSubdomain=fr"]}]}},"_links":{"self":[{"href":"https:\/\/dedienne-aero.com\/es\/wp-json\/wp\/v2\/job-offers\/128655","targetHints":{"allow":["GET"]}}],"collection":[{"href":"https:\/\/dedienne-aero.com\/es\/wp-json\/wp\/v2\/job-offers"}],"about":[{"href":"https:\/\/dedienne-aero.com\/es\/wp-json\/wp\/v2\/types\/job-offers"}],"wp:attachment":[{"href":"https:\/\/dedienne-aero.com\/es\/wp-json\/wp\/v2\/media?parent=128655"}],"wp:term":[{"taxonomy":"locations","embeddable":true,"href":"https:\/\/dedienne-aero.com\/es\/wp-json\/wp\/v2\/locations?post=128655"}],"curies":[{"name":"wp","href":"https:\/\/api.w.org\/{rel}","templated":true}]}}

Technicien Chargé d&#8217;affaires SAV expérimenté (H/F)

<p><em><strong>Rejoignez une entreprise familiale implantée mondialement dans l’aéronautique !</strong></em></p>



<p><em>Chez Dedienne Aerospace, leader mondial dans la conception et la maintenance d’outillages aéronautiques, nous accompagnons depuis plus de 50 ans les plus grands noms de l’aviation civile et défense.</em></p>



<p><em>Notre site de Villaroche est en forte croissance et bientôt doté d’un nouveau bâtiment moderne. Pour continuer à soutenir nos clients, nous recrutons 2 Technicien(ne) Chargé(e) d’Affaires SAV.</em></p>



<p></p>



<p><strong>Qui sommes-nous ?</strong></p>



<p>Dedienne Aerospace, c’est plus de 50 ans d’expertise dans la fabrication et la maintenance d’outillages aéronautiques. Entreprise familiale implantée mondialement, nous collaborons avec les plus grands noms de l’aviation civile et de la défense.</p>



<p>Présents sur tous les continents Croissance continue avec un nouveau bâtiment en construction à Villaroche Clients prestigieux du secteur aéronautique Environnement de travail dynamique et humain.</p>



<p></p>



<p><strong>Vos missions (missions pleines de défis) :</strong></p>



<p>• Piloter la relation commerciale et technique avec nos clients, de l’élaboration du devis à la facturation et livraison</p>



<p>• Réaliser des diagnostics techniques et proposer des solutions adaptées</p>



<p>• Recherche de pannes complexes et changement d&#8217;organes mécaniques et hydraulique</p>



<p>• Coordonner les interventions SAV en atelier et sur site (principalement en Île-de-France)</p>



<p>• Participer à la rédaction des offres commerciales et appels d’offres</p>



<p>• Développer l’activité SAV en prospectant et fidélisant les clients</p>



<p>• Organiser et accompagner les équipes techniques terrain</p>



<p>• Former et intégrer les nouveaux techniciens</p>



<p></p>



<p><strong>Votre profil :</strong></p>



<p>• Formation technique (Bac Pro, BTS, DUT ou équivalent)</p>



<p>• Minimum 5 ans d’expérience en mécanique industrielle, automobile, poids lourd, TP ou agricole</p>



<p>• Maîtrise de la lecture de plans</p>



<p>• Anglais technique intermédiaire apprécié</p>



<p>• Autonome, rigoureux(se), avec un bon sens du service client et un goût pour le terrain</p>



<p></p>



<p><strong>Ce que nous offrons</strong></p>



<p>Lieu : Villaroche (77)</p>



<p>Contrat : CDI – Temps plein</p>



<p>Prise de poste : Dès que possible</p>



<p>Déplacements : Réguliers, majoritairement en Ile-de-France</p>



<p>Statut : Non-cadre</p>



<p></p>



<p><strong>Rémunération &amp; Avantages</strong></p>



<p>• Salaire fixe + prime sur objectifs + prime de participation + intéressement + autres primes</p>



<p>• 6 semaines de congés payés</p>



<p>• Mutuelle prise en charge à 50 % + prévoyance</p>



<p>• Travail en journée, du lundi au vendredi</p>



<p>• Équilibre vie pro / vie perso respecté</p>



<p></p>



<p>Pourquoi nous rejoindre ?</p>



<p>• Entreprise familiale à taille humaine, implantée mondialement</p>



<p>• Équipe bienveillante, projets motivants avec des clients aéronautiques de renom</p>



<p>• Poste plein de défis avec possibilités réelles d’évolution, en France ou à l’international</p>



<p>• Nouveau bâtiment moderne en cours de construction pour accompagner la croissance du site</p>



<p></p>



<p><em><strong>Envoyez-nous votre candidature et embarquez dans une aventure passionnante au cœur de l’aéronautique mondiale !</strong></em></p>

<!-- This site is optimized with the Yoast SEO plugin v24.2 - https://yoast.com/wordpress/plugins/seo/ -->
<title>Technicien Chargé d&#039;affaires SAV expérimenté (H/F) | Dedienne Aerospace</title>
<meta name="robots" content="index, follow, max-snippet:-1, max-image-preview:large, max-video-preview:-1" />
<link rel="canonical" href="https://dedienne-aero.com/es/job-offers/technicien-charge-daffaires-sav-experimente-h-f/" />
<meta property="og:locale" content="es_ES" />
<meta property="og:type" content="article" />
<meta property="og:title" content="Technicien Chargé d&#039;affaires SAV expérimenté (H/F) | Dedienne Aerospace" />
<meta property="og:description" content="Rejoignez une entreprise familiale implantée mondialement dans l’aéronautique ! Chez Dedienne Aerospace, leader mondial dans la conception et la maintenance d’outillages aéronautiques, nous accompagnons depuis plus de 50 ans les plus grands noms de l’aviation civile et défense. Notre site de Villaroche est en forte croissance et bientôt doté d’un nouveau bâtiment moderne. Pour continuer [&hellip;]" />
<meta property="og:url" content="https://dedienne-aero.com/es/job-offers/technicien-charge-daffaires-sav-experimente-h-f/" />
<meta property="og:site_name" content="Dedienne Aerospace" />
<meta property="article:publisher" content="https://www.facebook.com/Dedienne-Aerospace-1686513681365758/" />
<meta property="article:modified_time" content="2026-04-03T07:07:58+00:00" />
<meta property="og:image" content="https://dedienne-aero.com/wp-content/uploads/2021/07/logo-Dedienne-aerospace.png" />
	<meta property="og:image:width" content="283" />
	<meta property="og:image:height" content="83" />
	<meta property="og:image:type" content="image/png" />
<meta name="twitter:card" content="summary_large_image" />
<meta name="twitter:label1" content="Tiempo de lectura" />
	<meta name="twitter:data1" content="2 minutos" />
<!-- / Yoast SEO plugin. -->

Technicien Chargé d'affaires SAV expérimenté (H/F) | Dedienne Aerospace

Rejoignez une entreprise familiale implantée mondialement dans l’aéronautique ! Chez Dedienne Aerospace, leader mondial dans la conception et la maintenance d’outillages aéronautiques, nous accompagnons depuis plus de 50 ans les plus grands noms de l’aviation civile et défense. Notre site de Villaroche est en forte croissance et bientôt doté d’un nouveau bâtiment moderne. Pour continuer [&hellip;]
